-1e0c?
138a
In base 14, what is -40 - -4c17c?
4c13c
In base 2, what is -10010101010 - -111001001011?
100110100001
In base 9, what is 6545425 - 1?
6545424
In base 3, what is 102011120 - 10001000?
22010120
In base 13, what is -357a + -56a8?
-8c55
In base 13, what is 400cba2 + 2?
400cba4
In base 11, what is 2 + -571891a?
-5718918
In base 9, what is 154625570 - 2?
154625567
In base 3, what is -112111 + -20121211010?
-20122100121
In base 16, what is -c6420 - -15?
-c640b
In base 11, what is -5688 + -5421?
-aaa9
In base 14, what is 5475 + 464c?
9ac3
In base 4, what is 20031 + 3323133?
10003230
In base 9, what is 4 + 5431654?
5431658
In base 4, what is 32202 + 1021110231?
1021203033
In base 6, what is 1 - 1123054014?
-1123054013
In base 3, what is -2102111020220012 + 111?
-2102111020212201
In base 7, what is -12235322 - -6?
-12235313
In base 8, what is 3 + -1412763017?
-1412763014
In base 3, what is 212220012000120 - 222?
212220011222121
In base 15, what is 6084 + 1a13?
7a97
In base 8, what is -22 + 1666054?
1666032
In base 13, what is 54ca50 + -5?
54ca48
In base 2, what is 1000100111100100001000 - -1101111?
1000100111100101110111
In base 15, what is 3 + 623e71b?
623e71e
In base 9, what is 3805251 - 1?
3805250
In base 10, what is -47840 - -6529?
-41311
In base 4, what is -3010121002 - 12023?
-3010133031
In base 4, what is -210113000 - 22?
-210113022
In base 15, what is 0 - 7b437d?
-7b437d
In base 11, what is a + 1412002?
1412011
In base 2, what is 11100100110101111 - 1001110100?
11100011100111011
In base 4, what is 30102333 + 12132?
30121131
In base 13, what is 1368412 + -3?
136840c
In base 11, what is 18 - 2596831?
-2596814
In base 3, what is 2001210 - -11121122?
20200102
In base 3, what is -1222110010022012 - -10?
-1222110010022002
In base 11, what is -4a225a - -76?
-4a2194
In base 16, what is 3 - -435724?
435727
In base 15, what is 4890a0 - -44?
4890e4
In base 4, what is -1013300210 - 3103?
-1013303313
In base 16, what is -2b8fa468 - 2?
-2b8fa46a
In base 15, what is 1 - -c2aed37?
c2aed38
In base 15, what is 1 - -5589441?
5589442
In base 15, what is -9b2e + 1000?
-8b2e
In base 11, what is -19117782 + 36?
-19117747
In base 2, what is -1101110 - -100110001100011110?
100110001010110000
In base 2, what is -10001111111010011101111 + 1111?
-10001111111010011100000
In base 16, what is 18dc4c + -6?
18dc46
In base 13, what is -2a4 - -4442?
416b
In base 16, what is -3 - 60dc76?
-60dc79
In base 3, what is -11 + 12121010000102222?
12121010000102211
In base 6, what is -1350014233 - 1?
-1350014234
In base 13, what is 188 + -c4c?
-a94
In base 5, what is -133233440 - 2?
-133233442
In base 2, what is -1010011100110011001100010 - -1?
-1010011100110011001100001
In base 8, what is -1454025142 + -3?
-1454025145
In base 14, what is 11c885 + 2b5?
11cb5a
In base 12, what is 35042b14 - 1?
35042b13
In base 8, what is -5046474 - 12?
-5046506
In base 14, what is -1c78ba46 + -4?
-1c78ba4a
In base 10, what is -3518 - -2254?
-1264
In base 4, what is -3221230110303 + 13?
-3221230110230
In base 5, what is -1113133113 - -333?
-1113132230
In base 13, what is 48aa + 757?
5334
In base 5, what is -30 - 40321342?
-40321422
In base 15, what is -1d397 - a40?
-1ddd7
In base 6, what is -225545345 - 15?
-225545404
In base 16, what is -e69a9 + 18?
-e6991
In base 11, what is -5 + -53278057?
-53278061
In base 10, what is 591357 + -783?
590574
In base 12, what is 81783b - 3?
817838
In base 14, what is 2c41001 - 5?
2c40dda
In base 16, what is 1771dd - 0?
1771dd
In base 7, what is -12233 + 6445?
-2455
In base 16, what is 197 - -1ae3d7?
1ae56e
In base 16, what is -78a3f - -59?
-789e6
In base 5, what is 332401024 - -104?
332401133
In base 6, what is 45 + 1320134144?
1320134233
In base 6, what is 414 + 55012?
55430
In base 16, what is -101 - -2b38?
2a37
In base 2, what is -1001000001001110110110000 - 110?
-1001000001001110110110110
In base 4, what is -2123320132112 - 2?
-2123320132120
In base 15, what is 544de - -7d1?
54cc0
In base 9, what is -12777 + -5715?
-18603
In base 8, what is 135 + 407206?
407343
In base 2, what is -11 - 1001001010010101011111000001?
-1001001010010101011111000100
In base 10, what is -997526 - -9?
-997517
In base 15, what is -134552 + -37?
-134589
In base 2, what is 100000111001011111 - 110110?
100000111000101001
In base 4, what is -3113110102 - -33?
-3113110003
In base 10, what is 1 + -51937722?
-51937721
In base 14, what is a610 - 7a16?
29d8
In base 12, what is -10b2624 - 10?
-10b2634
In base 3, what is -2021011021000110 + 12?
-2021011021000021
In base 15, what is 8515 - -bb5?
91ca
In base 7, what is -36155213213 + -2?
-36155213215
In base 4, what is 103 + -10310020310?
-10310020201
In base 14, what is -67 - -20538?
204b1
In base 8, what is -115271415 - -2?
-115271413
In base 5, what is -44 + 212140434?
212140340
In base 8, what is -102 + -2766147?
-2766251
In base 11, what is 11 - -2302682?
2302693
In base 7, what is 110 - -235300?
235410
In base 15, what is 131013 + c2?
1310d5
In base 9, what is 735 - 373?
352
In base 11, what is 1 - -aa141764?
aa141765
In base 9, what is -26804 + -1448?
-28353
In base 3, what is 1011 + -100022012011?
-100022011000
In base 7, what is 3611 - -5030?
11641
In base 2, what is -100000010110 + -1101011110010?
-10001100001000
In base 14, what is -16 - -449040?
449028
In base 8, what is 5 - 70110527?
-70110522
In base 10, what is 1 + 14377257?
14377258
In base 7, what is -46101 + 1235?
-44533
In base 4, what is 1 + -201010013?
-201010012
In base 7, what is 304451 - -35522?
343303
In base 4, what is 2220033 + -13100?
2200333
In base 14, what is 15a584b4 + 2?
15a584b6
In base 16, what is -38 + 7efbaa?
7efb72
In base 14, what is -2 + -11981cd1?
-11981cd3
In base 11, what is -1a + a28168?
a28149
In base 2, what is -10011000011111011110011010 + 1011?
-10011000011111011110001111
In base 4, what is -3 - 231323332310?
-231323332313
In base 8, what is 512136 + -167?
511747
In base 16, what is 4 + -1cb3b58?
-1cb3b54
In base 15, what is 3442 - dd2?
2560
In base 4, what is 32 - -1011010322?
1011011020
In base 4, what is -220312 - 1020123?
-1301101
In base 11, what is -2aa3096 - -4?
-2aa3092
In base 13, what is -1041cc + -a3?
-1042a2
In base 7, what is 10343 - -100325?
111001
In base 12, what is 1 + -88ab093?
-88ab092
In base 8, what is -46443304 - -56?
-46443226
In base 4, what is 12201 - 10310321?
-10232120
In base 9, what is 3 + -8881331?
-8881327
In base 13, what is -4 + cc80c7?
cc80c3
In base 2, what is -100111000111110001 - 1010001?
-100111001001000010
In base 7, what is -301634563 + -2?
-301634565
In base 16, what is 24740 + 5e2?
24d22
In base 14, what is -a7 + 21588?
214c1
In base 11, what is 436285 + 17?
4362a1
In base 16, what is -6 + -34cde7?
-34cded
In base 4, what is 10 + -2101002?
-2100332
In base 11, what is 4 - 425075?
-425071
In base 9, what is 274 - 113167?
-112783
In base 7, what is -65434442 + 2?
-65434440
In base 5, what is 3 - -334242011?
334242014
In base 13, what is 53 - -1a5910?
1a5963
In base 9, what is 18 + -2736673?
-2736654
In base 16, what is -1 - de9b75?
-de9b76
In base 8, what is 17134 - 3122?
14012
In base 2, what is 10110111001011111110001111 - -11?
10110111001011111110010010
In base 16, what is 1da2db - -2?
1da2dd
In base 12, what is -3 + -b7245?
-b7248
In base 15, what is 7d06bb6 + -5?
7d06bb1
In base 7, what is 4 + -1625415202?
-1625415165
In base 9, what is -224340763 - -11?
-224340752
In base 13, what is 9c84 + 452?
a406
In base 13, what is -1954 + -21a39?
-23690
In base 6, what is -1001010 - 1031?
-1002041
In base 15, what is ae - -193d38?
193de7
In base 13, what is -5 - -3b48b52?
3b48b4a
In base 11, what is -3476 + 4?
-3472
In base 2, what is 100 + -1001011001100110000101?
-1001011001100110000001
In base 7, what is 143 + 62665004?
62665150
In base 15, what is -7ca91 + -e2?
-7cb83
In base 11, what is -25757a0 + 9?
-2575792
In base 13, what is -831492 - 89?
-83154b
In base 8, what is -5731 + 17232?
11301
In base 11, what is 8303 - 529?
7885
In base 15, what is -abb7 - -4b3?
-a704
In base 2, what is 101100100000000100 - 1000110?
101100011110111110
In base 10, what is 397 - 1021924?
-1021527
In base 13, what is 769a0 - 56a?
76433
In base 4, what is -303231210010 + -1?
-303231210011
In base 7, what is -2351154 + -2664?
-